Calculate the highest common divisor of v and 39.
13
Suppose 6*v - 36 = 3*v - 3*w, 12 = v + 5*w. Let n be (3 - 3)*(-4)/v. Let r = n - -6. Calculate the greatest common divisor of r and 12.
6
Suppose -8*d = -9*d + 5. Suppose 4 + d = j. Suppose 3*n + 17 = 152. Calculate the highest common factor of n and j.
9
Let l(q) = 43*q**2. Let c be l(1). Let p be (-2)/6 - (10 - 7472/24). Calculate the highest common divisor of p and c.
43
Let i be (-4*5/(-40))/((-2)/(-20)). Let f be 2 - 4 - i/((-5)/7). Calculate the highest common divisor of f and 5.
5
Suppose 0 = -4*f - 2*n - 26, -4*f - 33 = f + 2*n. Let t = 7 + f. Suppose -5*g - 11 + 91 = t. What is the highest common divisor of g and 64?
16
Suppose 4*u - 3*y = -u + 79, u - 19 = -y. What is the highest common divisor of u and 85?
17
Let g be (-12)/(-3)*(-53)/(-2). Suppose -5*z + 104 = -g. Calculate the greatest common factor of 14 and z.
14
Let i be 1*(-8)/(-12)*6. Suppose i*f - 894 = -118. Suppose 16 = 3*z - f. What is the greatest common factor of z and 28?
14
Let x be 4*15/20 + 123. Suppose -7*g = 2*g - 162. Calculate the greatest common divisor of x and g.
18
Suppose 3*h - 3 = -5*b - h, 5*b = -h + 12. Calculate the highest common factor of 3 and b.
3
Let n be (-411)/(-3) + 8*(-12)/24. Let w = 58 - 39. What is the greatest common factor of n and w?
19
Suppose 151*p = 154*p - 27. Let i be (-561)/(-21) - 4/(-14). What is the greatest common divisor of p and i?
9
Suppose -2*l - 229 = -1941. Calculate the greatest common factor of l and 16.
8
Let x be 2 + 21 + (6 - (4 + 4)). What is the greatest common factor of x and 399?
21
Suppose 15 = o - 36. Let r be (2 - (0 - -4))*(24 - 41). What is the highest common factor of r and o?
17
Suppose 11*n - 329 = 4*n. Suppose 9 = 3*u + 3, -n = -a - 4*u. Suppose 3*g - a = -t, 0 = -g - 2*t - 3*t + 27. Calculate the highest common factor of g and 132.
12
Suppose -w + 99 = 3*a, -w - w + 66 = 2*a. What is the highest common divisor of a and 363?
33
Suppose m - 74 = 2*f, -143 = -0*m - 2*m + 5*f. What is the greatest common divisor of 12 and m?
12
Let j = 121 + 22. Suppose 3*n = -4*r - 9 - 78, 0 = -4*r - 5*n - 89. Let o = r - -34. What is the highest common factor of o and j?
13
Suppose -4*k - l = -15, -l = -k - 3*k + 9. Suppose 175 = 2*s + k*s. Let b(z) = -4*z - 17. Let t be b(-6). Calculate the greatest common factor of t and s.
7
Let i be -2 - (-20)/(2 - -3). Let j be -21*(-2)/1*i/4. Calculate the highest common factor of j and 28.
7
Suppose -125 - 617 = -14*a. Calculate the highest common divisor of 212 and a.
53
Let v(h) = 34*h - 154. Let m be v(11). Calculate the highest common divisor of m and 55.
55
Let g(f) = -f - 9. Suppose -s - 6 = 7. Let h be g(s). Suppose -d - h*d - 10 = 2*j, 0 = -5*j + 4*d + 41. Calculate the greatest common divisor of 5 and j.
5
Let p be 1/12 + (-95)/(-12). Calculate the highest common divisor of p and 64.
8
Let s = -1071 + 2652. Calculate the greatest common divisor of 102 and s.
51
Let m be 3/9 + 728/3. Suppose 2*d - m = 9. Suppose 5*p - 56 = 34. Calculate the highest common divisor of p and d.
18
Let r be ((-30)/(-18))/(3/72). Suppose -d - 4*d + r = 5*t, d - t = -2. Calculate the highest common divisor of d and 24.
3
Suppose -5*o + 2 = -108. Let a be 4*(-3)/(-36) - 3/9. Suppose a*q = -q + 220. Calculate the highest common divisor of o and q.
22
Let s = 799 + -743. What is the highest common factor of s and 476?
28
Let t(b) = 28*b + 208. Let o be t(20). Calculate the greatest common divisor of o and 96.
96
Let v(f) = 6*f**2 - 50*f + 104. Let n be v(6). Suppose 149 - 4 = 2*u + 5*o, -5*o = 15. Calculate the highest common factor of u and n.
20
Let s(i) = i**3 - 12*i**2 - 5*i + 210. Let q be s(11). What is the greatest common divisor of q and 918?
34
Let d be 1961/74 - 1/4*10. What is the greatest common divisor of 352 and d?
8
Suppose 0 = 2*l + 3*y + 3 - 626, -318 = -l + 5*y. Suppose -62 = -f + 3*p, 2*f - l = -2*f - p. What is the greatest common factor of f and 11?
11
Let g be ((-4 - 2) + 34)*(-2)/(-4). What is the highest common factor of g and 2?
2
Suppose 4*h - 54 = 58. Suppose h = 4*b - 60. Suppose 3*g + 2*g - 55 = 0. Calculate the greatest common factor of g and b.
11
Let h(u) = 52*u**2 - 29*u - 29. Let q be h(-1). Let s = 472 + -332. Let y = s - q. What is the greatest common factor of 11 and y?
11
Let q(f) = -f**3 - 6*f**2 - 4*f - 9. Let r = 90 + -96. Let b be q(r). What is the highest common divisor of 10 and b?
5
Let p(d) = 7*d**2 + 21. Let f be p(-5). Let s = -97 + f. Calculate the highest common divisor of s and 22.
11
Let t(u) = 12*u**3 - u**2 - u + 6. Let j be t(2). Suppose -d - j = -4*d. What is the greatest common divisor of d and 4?
4
Let l = -2179 + 2195. Calculate the greatest common factor of l and 8.
8
Suppose 9*i + 528 = 11*i. What is the greatest common divisor of i and 48?
24
Let l = 13 + -8. Suppose -3*x = -15 + 102. Let d = -14 - x. What is the greatest common factor of d and l?
5
Let r(w) = 0 + w**3 + w**3 + 1. Let d be r(1). Let p be (305 - 2)/d - 3. What is the greatest common factor of 14 and p?
14
Let d be (34/7)/(14/98). Suppose -47 + 16 = -3*z - 4*v, 4*z = 2*v + d. Calculate the greatest common factor of 18 and z.
9
Let o(a) be the third derivative of 7*a**4/12 - 5*a**2. Let w be o(4). Calculate the highest common divisor of 7 and w.
7
Let h = 1306 + -1293. Calculate the greatest common divisor of 52 and h.
13
Let n be (-9 + 0 + 2)*-5. Let o = n - 15. Calculate the greatest common factor of o and 60.
20
Let g(f) = 384*f**2 + 16*f - 13. Let o be g(1). Calculate the greatest common divisor of o and 1032.
129
Suppose 616 = 74*o - 63*o. Calculate the highest common divisor of 72 and o.
8
Suppose z = -4*z + 135. Suppose 0 = 5*r + 10, -q + 2*r = 3*r - 187. What is the highest common factor of q and z?
27
Let m(c) = 3*c**3 - 9*c + 11. Let n be m(2). Let q = 10 - 6. Suppose -q*a - 3*k = -132 - 128, 2*k - 196 = -3*a. What is the highest common divisor of n and a?
17
Let p = 63 - 9. What is the highest common factor of 18 and p?
18
Let t(c) = 40*c - 22. Let v be t(1). Calculate the highest common divisor of v and 243.
9
Suppose -4*t = -3*t - 187. Suppose 376 = 3*r - 4*v, -r - 3*v + t = 40. Calculate the highest common factor of 12 and r.
12
Let u be ((-11)/(-1))/(2/2). Let a = 63 - 14. Suppose -5*s = -6 - a. Calculate the highest common divisor of u and s.
11
Let o(m) = m**3 + 3*m**2 - 12. Let u be o(0). Let g be 9/6*(-2)/u*44. What is the greatest common factor of g and 11?
11
Suppose -8*n + 4*n = -16. Let l(w) = -w**2 + 14*w - 12. Let b be l(8). Calculate the greatest common divisor of n and b.
4
Let h(v) = v**3 - 38*v**2 - 154*v - 68. Let q be h(42). Calculate the greatest common divisor of 585 and q.
65
Let h = -74 - -90. Let l(x) = -x**2 - 6*x + 12. Let c be l(-6). What is the highest common divisor of c and h?
4
Suppose -604 - 368 = -4*o. Let g(r) = r**3 - 2*r**2. Let m be g(1). Let k(f) = -27*f. Let i be k(m). What is the highest common factor of i and o?
27
Let v be 188/6 - 22/(-33). Calculate the greatest common factor of v and 3104.
32
Let k(w) = w**2 - 23*w + 15. Let c be k(23). Let a = 111 + -51. What is the highest common factor of a and c?
15
Let o(g) = -40*g + 6. Let q be o(-5). Suppose -5*a = -174 - q. Calculate the highest common divisor of a and 114.
38
Suppose -2*v - 16*t = -15*t - 149, v + 5*t = 79. Calculate the highest common divisor of v and 481.
37
Suppose 27*z - 46 - 386 = 0. Suppose v = -v + 128. Calculate the greatest common divisor of z and v.
16
Let x = -128 - -476. What is the greatest common factor of 36 and x?
12
Let j(r) = 63*r + 230. Let o be j(-3). Calculate the greatest common factor of 1558 and o.
41
Let t(c) = -5*c**2 + 133*c - 25. Let o be t(25). Calculate the highest common factor of 28 and o.
7
Let c(r) = 421*r**3 - 2*r + 1. Let g be c(1). Suppose -2*l = -0*l + g. Let d = -122 - l. What is the greatest common factor of d and 8?
8
Let s = -1145 + 1315. What is the greatest common factor of 110 and s?
10
Let q(t) = -t**2 + 3*t + 1. Let b be q(3). Suppose 3*p + 8 = 29. Calculate the highest common divisor of p and b.
1
Let j(r) = r**3 + 8*r**2 - 9. Let s be j(-7). Let h = 9 - 0. Let x = 19 - h. Calculate the greatest common factor of s and x.
10
Suppose -5*y + u + 350 = 0, -4*y +